) = t**2 - 13*t - 28. Let w be g(p). Suppose 305 = w*v - 3*x, -2*v + v + 145 = -4*x. Is v composite?
False
Let j(t) = 9341*t + 543. Is j(4) prime?
True
Let i = -7 + 11. Let q = 330 - 333. Is (-1205)/((q + i)*-1) prime?
False
Let i be (-3)/4 + 298/(-8). Is (-17326)/((-35 - i)*(-2)/3) composite?
False
Let s = 11054 - 2401. Is s composite?
True
Suppose -723 = -603*q + 600*q. Let x = 3 + 12. Let z = q - x. Is z a prime number?
False
Suppose h + 3*h - 21 = -v, 12 = 2*h + 2*v. Let m(p) = -15*p**2 - 2*p - 6. Let z(k) = 13*k**2 + k + 4. Let w(o) = 5*m(o) + 6*z(o). Is w(h) a prime number?
False
Let d(q) = -10414*q - 9149. Is d(-34) prime?
False
Suppose 4*q + 16 = 8*q - 2*n, 5*n = 2*q - 8. Let l(a) = 1427*a + 45. Is l(q) composite?
True
Let s(q) = q**3 - 5*q**2 + 3*q - 11. Let p be s(5). Suppose 0 = p*x - 1017 - 2815. Is x composite?
True
Suppose 131*q = 97*q + 2114902. Is q a prime number?
False
Let n be 380/9 - -11*2/(-99). Let a = 485 - n. Is a a prime number?
True
Suppose -1146086 + 106325 = -21*y + 127398. Is y a prime number?
True
Suppose -t + 200776 = 5*f, -124*t = -126*t - 4*f + 401582. Is t a prime number?
False
Suppose -2*t = t - 12. Suppose t*z = 12*z - 1936. Suppose z = 3*h - h. Is h a prime number?
False
Let n = 0 + 0. Suppose n = -2*y + 4*v - 0*v + 32, 8 = -2*v. Suppose 0 = 4*g - y*g + 2524. Is g prime?
True
Let d(j) = 116*j - 5. Let o(q) = -231*q + 11. Let h(f) = 5*d(f) + 2*o(f). Suppose 2*y - 4*y + 8 = 0. Is h(y) a composite number?
True
Suppose 8*t - 901 = -909. Is t/((-8244)/(-1179) - 7) a prime number?
True
Suppose 3*m - c = -6*c + 3889, -5*m + 6455 = -5*c. Suppose -1635 = -4*w + m. Suppose -w = 12*v - 16*v. Is v composite?
True
Let y be 9 + -4 - 10/2. Suppose -3*g - 6*x + 35745 = -4*x, -g + 5*x + 11898 = y. Let a = g - 5524. Is a a prime number?
True
Suppose -3*u = -20154 - 44787. Suppose -31*d - u = -q - 30*d, -3*q = d - 64941. Is q a composite number?
False
Let l = -205 - -207. Suppose 417 = 2*r + z, -r - l*r - 2*z + 623 = 0. Is r a composite number?
False
Suppose 4*o + 36220 = 3*o. Let x be (-82)/(-26) + -3 - o/(-13). Is (-3)/1 - x/7 a prime number?
False
Suppose 10 + 18 = 4*k. Let d(y) = 69*y + 34. Is d(k) composite?
True
Suppose 8 = 8*r - 6*r. Suppose -2*z + 20258 = -r*o, -o - 7379 = -2*z + 12885. Is z a prime number?
True
Suppose -9*h = 4*a - 13*h - 1054496, -5 = -h. Is a composite?
True
Let m(r) be the second derivative of 5*r**6/24 - r**5/15 - r**4/24 + 5*r**3/6 + 31*r**2/2 + 28*r. Let i(s) be the first derivative of m(s). Is i(4) prime?
False
Suppose 76194 = 3*t + 2*x + 27191, 3*t = -x + 49001. Is t composite?
False
Let n(m) = 936*m + 65. Let q(y) = -469*y - 33. Let k(l) = 4*n(l) + 9*q(l). Is k(-8) a composite number?
False
Is -15857*(3/6*-2)/1 prime?
False
Let a(z) = -9*z - 5. Let c be a(-1). Suppose -2*t + 6*t + 2*h - 24 = 0, -3*t - c = -4*h. Suppose t*o + 231 = 3*b + 2*b, -4*o + 98 = 2*b. Is b composite?
False
Let c(x) = x**3 + 7*x**2 + 3*x - 14. Let t be c(-7). Is t/2*-2 + 2 a composite number?
False
Let a = 6565 + -4234. Suppose -2*f + 9*f + a = 0. Let c = 712 + f. Is c prime?
True
Suppose -3*k + 5*d + 0*d - 55 = 0, -d = 4. Let w(t) = t**2 - 54*t - 26. Is w(k) composite?
False
Suppose 4*z - 113721 = 4*n - 7241, 0 = z - 2*n - 26617. Is z composite?
True
Let n(l) = -44*l**3 - 12*l**2 + 35*l - 2. Is n(-7) composite?
True
Suppose -3 = -3*i, -4*v - 2*i - i + 19 = 0. Suppose 1 = -5*o + v*t, -3 - 12 = -o - 3*t. Is 4*(o - (-2365)/10) a prime number?
False
Let u(v) = -54*v - 67. Let r(o) = -109*o - 134. Let i(k) = -6*r(k) + 13*u(k). Let a = -30 + 17. Is i(a) composite?
False
Let q be 2/((2/8)/((-6)/(-16))). Suppose q*r = -3*d + 3816, -5*d + 5594 = -r - 742. Suppose -d = -21*l + 17*l. Is l a composite number?
False
Suppose 5*t = -5*r + 7 + 183, 4*r - 147 = t. Suppose -r*a + 10 = -32*a. Suppose 0 = -2*w - m + 107, -102 = -a*w + 7*m - 3*m. Is w a composite number?
False
Let b = -4277 + 2439. Let t = 5805 + b. Is t prime?
True
Suppose -i = -4*i + 4287. Suppose 3*t - 3*w = 6, -2*w + 3*w = 2*t - 6. Suppose -297 = -s - 5*x, -5*s - x = -t*x - i. Is s a prime number?
False
Let a(s) be the third derivative of 7/6*s**3 + 0*s - 14*s**2 + 0 - 159/8*s**4. Is a(-3) composite?
True
Suppose -3123 = 2*k - 4*k + t, -3*k = -3*t - 4689. Let v = 3374 - k. Is v a composite number?
True
Let k(a) = 951*a - 28. Let c be k(16). Let h = 26610 - c. Suppose 3*i + 3*p = -2*i + h, 5*p = 5*i - 11430. Is i prime?
False
Suppose 3*g - 4527 = 537. Let w(i) = -6*i**2 - 23*i + 9. Let u be w(12). Let k = g + u. Is k composite?
False
Let k(r) = 104*r - 175. Let x be k(2). Suppose -64201 = -x*q + 14*q. Is q a prime number?
False
Suppose 8*j + 2*j = 6*j. Is (1 + j)*(3 + -2)*919 prime?
True
Let o = -101 + 125. Suppose 28*i = 24*i - o. Is 12193/9 + (-5)/(135/i) prime?
False
Let u(t) = t**2 + 16*t + 2. Let v be u(-14). Is 5266*(-6 + v/(-4)) a prime number?
True
Let i be (-10)/4*(-4)/5 + 110. Is (-32)/i - (-40506)/14 a prime number?
False
Let l(j) = -j**2 - 7*j + 2. Let u be l(-7). Suppose -4*v + 510 = -2*p, -4*v + 206*p - 202*p + 504 = 0. Suppose -u*y = y - v. Is y a composite number?
False
Suppose 0 = 15*d - 13*d. Suppose 0 = -t + 4*u - 16, 2*t - u - 2*u + 7 = d. Suppose -q - t*z = -5, -41 = -3*q - 2*q - 4*z. Is q a prime number?
False
Let l(m) = -2*m**3 - 3*m**2 + 5*m + 2. Let z be l(-3). Suppose -3*x = -4*q - 9, 4*q = 5*q + 5*x - 15. Suppose a + q*i - z = 3*i, -5*i - 16 = -a. Is a composite?
False
Let y be (-6)/(-10) - (0 - 11440/(-25)). Let h = 510 - y. Is h prime?
True
Suppose 5*i - 1685 = -2*m, -6*i + 11*i + 4*m = 1695. Is i composite?
True
Suppose -5*f = 2*w - 342389, -3*w - 493*f + 489*f = -513573. Is w prime?
False
Let s(n) = 3*n**3 - 2*n**2 - 23*n + 19. Let o(p) = -9*p**3 + 7*p**2 + 68*p - 57. Let i(b) = -4*o(b) - 11*s(b). Is i(12) composite?
False
Let i(l) = 6010*l - 2981. Is i(9) a composite number?
False
Let p(s) = s**2 + 19*s - 73. Let d be p(-26). Suppose 46915 = -d*z + 120*z. Is z a prime number?
False
Suppose -9 = 3*i - 2*m, 0 = -2*i - 5*m - 2 - 4. Let z be (-820)/4 - (-5 - i). Let r = 502 + z. Is r a prime number?
False
Let t = 2208809 + -1209042. Is t composite?
True
Suppose 3*n - n = -n. Suppose -5*w = 3*g - 9375, n*g = 5*g - w - 15625. Let c = g - 882. Is c prime?
True
Let c(a) = -673*a + 385. Is c(-9) a composite number?
True
Let b(v) = 408*v - 1 - 2 + 32. Is b(7) a prime number?
False
Suppose 0*s = -3*s + 5*v + 1, v - 18 = -2*s. Let p(w) = -27*w**2 + 16*w + 12. Let t(f) = 55*f**2 - 32*f - 22. Let u(q) = 7*p(q) + 4*t(q). Is u(s) prime?
False
Suppose -3*q - 3*o = -75534, -2*q + 36051 = -o - 14302. Is q composite?
True
Let h(w) be the third derivative of 7*w**6/360 + w**5/40 - w**4/8 + 19*w**3/6 - 38*w**2. Let a(r) be the first derivative of h(r). Is a(-7) a composite number?
True
Let s be (6 - 10)/(4/(-13)). Suppose -15*m + s*m = -3522. Is m composite?
True
Let x(o) = 4*o**2 - 6*o + 2. Let q be x(2). Suppose -13 = -q*c + 947. Suppose -w + 116 = -p, 65 = 2*w + 5*p - c. Is w prime?
False
Is (-45)/(-30)*204/9 a prime number?
False
Let o(j) = 40*j**2 - 10*j + 5. Let w(k) = k - 10. Let i be w(15). Is o(i) prime?
False
Let r(s) = 4*s**3 - 7*s**2 - 14*s - 18. Let g = 54 - 44. Is r(g) prime?
False
Let k be 29 - (-2 - -2)/2. Suppose 0 = -27*q + k*q - 1982. Is q composite?
False
Let i be 1/(0 - (-4)/(-12)). Let z be 17/(i*(-5)/(-2460)). Let r = 4445 + z. Is r composite?
False
Let i(o) = 3*o - 2*o**3 + 23 - 9*o + 23*o**2 + o**3 - 54. Is i(12) a prime number?
True
Is -5*16/120 - ((-412945)/15 + -4) composite?
True
Suppose 14*l + 46709 = 27*l. Is l prime?
True
Let p(r) = 2*r - 7. Let j(g) = 3*g - 6. Let d(i) = 3*j(i) - 4*p(i). Let x be d(0). Suppose x*q - 13*q + 699 = 0. Is q prime?
True
Let z(l) = 34*l - 58. Let m be z(2). Is 2397 - -1*4*(-5)/m a prime number?
False
Let x = 397685 + 7218. Is x a prime number?
False
Suppose 2*p + 173345 = 4*r - 17499, -2*r - 2*p = -95422. Is r a prime number?
True
Let b be 192/1056 + 42/11. Suppose -7*m + 4*m - z = -61436, b*m - 2*z - 81898 = 0. Is m a composite number?
False
Let u = -1 - 51. Let k = 29 - u. Suppose -4*y + 1195 + k = 0. Is y a composite number?
True
Suppose 2496 = -12*q + 10284. Suppose -3555 + q = -n. Let r = -1345 + n. Is r composite?
True
Let g = 5 + 0. Suppose 3*w = -o + 413, g*w = 4*o - 372 - 1314. Is o a 